+ j = -9*a. What is the hundreds digit of a?
1
Let b be ((-4)/30*-5)/(3/351). Let t = -59 + b. Let i(g) = 12*g - 46. What is the hundreds digit of i(t)?
1
Let f(z) = 6*z**2 + 18. Let o be f(9). Let u = -24 + o. What is the hundreds digit of u?
4
Suppose 3*y = y + 66. Let m be y - (-1 + 0)/(-6 + 5). Let f = 1 + m. What is the tens digit of f?
3
Let f(j) = 3*j**2 - 16*j**2 + j**3 + 10 + 0 - 4*j. Suppose -198 = -90*y + 503 + 559. What is the units digit of f(y)?
0
Let u(c) be the third derivative of c**5/12 - 35*c**2. Let t be u(-2). Let x = t - -188. What is the units digit of x?
8
Suppose 5*w = 5*a - 4395, 5*a + 4*w - 8*w - 4396 = 0. What is the units digit of (4/22 + 2920/a)*222?
7
Let j = 2431 - 1574. Suppose 0 = -2*y - d + j, -1739 = -y - 3*y + 3*d. What is the units digit of y?
1
Let a(c) = 2*c**2 - 1100*c - 3*c**2 - 5 + 1103*c. Let v be a(3). Let p(l) = 3*l**2 + 11*l + 21. What is the tens digit of p(v)?
4
Let t be (-28)/3*3/(-1). Let v(i) = -i**3 + 7*i**2 - 10*i + 2. Let h be v(5). Suppose -h*l + 174 = t. What is the units digit of l?
3
Let q(s) = 555*s**2 - 190*s + 1146. What is the tens digit of q(6)?
8
Suppose -67*y + 45621 + 4209013 = 0. What is the tens digit of y?
0
Suppose 3*a = -13*y + 8*y + 137663, -3*y = a - 82593. What is the tens digit of y?
2
Let d(m) = m**2 + 3*m - 14. Let j be d(-6). Suppose j*a + 6795 = -5*a. Let w = -510 - a. What is the tens digit of w?
4
Let m be (15/4)/((-42)/(-56)). Suppose -2*k + 586 = m*f, -3*k + 3 = -2*k. What is the units digit of f?
6
Let x(a) = -38*a + 23. Let h be x(9). Let j = -171 - h. Let k = j - 86. What is the tens digit of k?
6
Let m = 16778 + -7615. What is the hundreds digit of m?
1
Let l = 41226 + -29067. What is the hundreds digit of l?
1
Let c(k) = k**2 - 2*k - 5. Let q be c(-2). Suppose -146 = r + f + 92, -2*r + q*f = 481. Let i = 459 + r. What is the hundreds digit of i?
2
Let j(g) = 149*g**2 - 236*g - 3. What is the units digit of j(7)?
6
Suppose 12*u - 7929 = 12087. Suppose 4*v - u = -2*l, 470 = 4*v - 3*l - 1198. What is the units digit of v?
7
Suppose 3 - 23 = -4*r, -3*n - 3*r = -78. Let b(t) = -t**3 - 5*t**2 + 0*t - t + t**2 - n - 6*t. What is the tens digit of b(-5)?
3
Suppose 165 = 3*c - 339. Suppose 2*l + 3*g = 125, 5*l + 4*g = 127 + c. What is the units digit of l?
5
Let s be 68/(-5) - (-20)/((-400)/(-12)). Let m(w) = w - 8 - 7*w - 4. What is the units digit of m(s)?
6
Let s = 402 + -386. Suppose -y - s*y + 19074 = 0. What is the thousands digit of y?
1
Let x(a) = a**3 + 23*a**2 + 14*a - 85. Suppose -u = 10*r - 13*r - 62, r + 2*u = -30. What is the tens digit of x(r)?
9
Let h(i) = -2626*i - 701. What is the thousands digit of h(-4)?
9
Let t be (0 - -4) + 9/9. Let b(h) = 7*h**2 + 11*h - 27. Let n be b(t). Let d = n - -65. What is the hundreds digit of d?
2
Suppose -17 = -4*n + y, 3*y = -5*n + 42 - 25. Suppose -3*l - 4837 = -n*z, 4*z + 7*l = 5*l + 4822. What is the thousands digit of z?
1
Let z(y) = 9*y**2 - 21*y - 27. Let i(u) = -11*u**2 + 22*u + 27. Let q(v) = 4*i(v) + 5*z(v). What is the units digit of q(-10)?
3
What is the units digit of (-1 - -5)*1636 + -20 + 23?
7
Let d(q) = 6*q**2 - 33*q - 833. What is the tens digit of d(-15)?
1
Suppose -91 = -51*z + 44*z. Suppose m = -5*f + 1033, -12*f = 4*m - z*f - 4090. What is the tens digit of m?
2
Suppose h - 85751 = 3*c, -2*c - 155581 = -5*h + 273252. What is the thousands digit of h?
5
Let w(p) = -6*p**3 - 3*p**2 + 6*p - 6. Let r(f) = 2*f**2 + f - 7. Let b be r(2). Let v be w(b). What is the tens digit of (-6)/(-2)*v*4/(-9)?
3
Suppose -4*p - 106*u + 161238 = -108*u, -p - 3*u = -40320. What is the ten thousands digit of p?
4
Let k(p) = -13*p - 48. Let n be k(-4). Let j(v) = 34*v**2 - 7*v + 48. What is the tens digit of j(n)?
6
Let r(k) = -7*k - 2. Let q(i) = -i. Let t(j) = -22*q(j) + 2*r(j). Let w be t(6). Suppose -5*f + 21 + w = 0. What is the units digit of f?
3
Suppose 0 = -6*t - 783 + 7983. Suppose 5*h - 2489 = 5*s + 506, 0 = -2*h + s + t. Let v = h - 312. What is the tens digit of v?
8
Let u(v) = 20*v - 478. Let k be u(24). Suppose 0 = -4*l + 842 + 126. Suppose -k*d + 0*d = -l. What is the hundreds digit of d?
1
Suppose 2*y + 2*y - 652 = 0. Let z = 440 - y. What is the hundreds digit of z?
2
Let i be (-2)/(-15) - (-125776)/(-120). Let h = i - -1892. What is the units digit of h?
4
Let m(v) = 112*v**2 + 15*v + 265. What is the thousands digit of m(-10)?
1
Suppose 4*o - 3*o - 143 = 0. Let z(r) = -o - r**3 - 5*r - 2*r**2 - 8*r**2 + 132. What is the tens digit of z(-10)?
3
Let r be (-2 + -1)*21/9. Let k(n) = -554*n**2 + 15*n + 559*n**2 - 15*n + 8*n + 7. What is the tens digit of k(r)?
9
Let d = -116 - -122. Suppose 5*y + 825 = 4*h, -5*h = 2*y + 75 - 1065. Suppose -h = -d*w - 2*w. What is the units digit of w?
5
Let t = 24218 + 2831. What is the units digit of t?
9
Let j(l) = -324*l**3 + 9*l**2 + 194*l + 1081. What is the ten thousands digit of j(-6)?
7
Let i be 5/(-2)*(4 - (-144)/(-15)). Let a be 60/(-14) + 4/i. Let g(d) = d**3 + 5*d**2 - 2. What is the units digit of g(a)?
4
Suppose -10*p + 70009 = -40*p + 31*p. What is the tens digit of p?
0
Suppose 16*k + 2957 = 17*k. Suppose 5*d - 3023 = k. What is the units digit of (18/8)/(13/d)?
7
Suppose 0 = 3*x, -a - 25*x + 3978 = -28*x. What is the thousands digit of a?
3
Suppose 3*w - 8670 = -5*a, -17*w - 1734 = -a - 15*w. What is the thousands digit of a?
1
Let z(q) = -q**2 - 14*q - 17. Let d be z(-11). Suppose 25 = 11*m - d*m. Let p = m - -95. What is the units digit of p?
0
Suppose 0 = 9*p - 32 - 4. Suppose -4*c + 321 = 3*l - 440, 5*c - p*l = 990. What is the hundreds digit of c?
1
Let g = 414 + -96. Suppose 5*t - 2*t - 4*o - g = 0, -3*o + 399 = 4*t. What is the hundreds digit of t?
1
Let q = -116 + 171. Let c = 79 - q. Suppose 184 = 4*s - c. What is the units digit of s?
2
Let t(j) be the second derivative of j**5/20 - 5*j**4/12 + 5*j**3/6 - 4*j**2 + 11*j + 23. Let f(b) = -b + 5. Let s be f(0). What is the tens digit of t(s)?
1
Suppose 55*d - 2263428 + 351793 = 0. What is the hundreds digit of d?
7
Suppose -45*r + 404324 - 148143 = -177934. What is the tens digit of r?
4
Suppose -6 = -22*u - 50. Let i(r) = -187*r + 85. What is the tens digit of i(u)?
5
Let v(a) = -a**2 + 76*a - 492. What is the hundreds digit of v(46)?
8
Suppose -35*g + 288645 + 236188 = -80212. What is the units digit of g?
7
Let k = -22 - 3. Let h be k/(-10) - 4/(-8). Suppose -p - 306 = -h*p. What is the tens digit of p?
5
Let b be -559 - ((-14)/(-28))/(3/(-6)). Let g = b + 2313. What is the tens digit of g?
5
Suppose -2444 - 4220 = -2*k - 5*c, 0 = 4*c + 16. What is the tens digit of k?
4
Let k(c) = 87*c**2 - 2*c. Let v be k(2). Let n = -161 + v. What is the units digit of n?
3
Suppose 5*q + 5*t = -0*q + 5, 1 = 3*q + 5*t. Suppose x = -q*x - 60. Let z(j) = -3*j. What is the tens digit of z(x)?
6
Let j(w) = w + 1. Let g be j(3). Suppose g*b = -q + 190, -176 = -5*b - 2*q + 63. Suppose -12*h + 505 = -b. What is the tens digit of h?
4
Let f(h) = h**3 + 33*h**2 + 17*h + 5. What is the units digit of f(-32)?
5
Suppose -2*d - d + 42593 = 5*v, 5*v = d + 42569. What is the hundreds digit of v?
5
Let r(g) = 24*g. Let j(p) = -23*p - 1. Let i(c) = -6*j(c) - 5*r(c). Let b be i(6). Suppose -3*x + 87 = -b. What is the units digit of x?
7
Suppose 210*r + 1393668 - 5813328 = 0. What is the hundreds digit of r?
0
Suppose -4*v - 6869 = -17*g + 16*g, -g + 6849 = v. What is the units digit of g?
3
What is the thousands digit of -1 + (-3 - -9) + 9536?
9
Let p(v) = -2*v**2 - 11*v - 2. Suppose 0 = -3*f - 4*s + 16, -3*f = -0*f - 5*s - 34. Let i be p(f). Let y = -71 - i. What is the hundreds digit of y?
1
Let h = -54 + 5. Let x = -45 + -25. Let g = h - x. What is the units digit of g?
1
What is the thousands digit of (-38205981)/1298*(1 + -3)?
8
Let b be -4 + 3 - (0 - 3). Let p be 104 + -109 + (7 - -1). Suppose 4*z = p*o - 192, b*o = -3*o - 4*z + 288. What is the units digit of o?
0
Let c(l) = -564*l**3 + 6*l + 29. What is the hundreds digit of c(-3)?
2
Let f be (13/26)/(2/(-4)) + 11. What is the hundreds digit of f*(3/(-9) - (-242)/6)?
4
Suppose d = -3*d + 3100. Let h be 6/2*d/(-75). Let g = 46 - h. What is the tens digit of g?
7
Suppose u - 2*p = 5321, -28*p + 15963 = 3*u - 31*p. What is the thousands digit of u?
5
Let q(c) = 82*